rime factors of b.
2, 3, 23
Suppose -b - 4*y + 4 = 0, b - 1 = -2*y + 1. Suppose b = 4*x - 8*x. Suppose x = 2*r + 10, 0*l + 2*l - 4*r - 112 = 0. List the prime factors of l.
2, 23
Let y(x) = 5*x**2 - 12*x + 14. Suppose 0 = -3*t + 2*t + 4. List the prime factors of y(t).
2, 23
Suppose 32*f = 38*f - 18. Suppose -f*r - 4*a = -9*a - 10, -r - a + 6 = 0. What are the prime factors of r?
5
What are the prime factors of (117077/188)/(1/8)?
2, 47, 53
Let u(v) = -v + 23. Let l be u(12). Let c = 16 - l. List the prime factors of c.
5
Let i = -5 + 0. Let g be 65/26*(-6)/i. Suppose 3*v - 27 = -3*t, -4*v - g = t - 0*v. List the prime factors of t.
13
Suppose -15*d = -9*d - 1302. What are the prime factors of d?
7, 31
Let y(r) = 11*r**2 + 2*r + 21. Let n be y(-9). Suppose 5*t = -t + n. List the prime factors of t.
149
Let k(g) = -3*g - 7. Suppose 5*n + 33 = -b - 2, -4*b + 60 = -5*n. Let m be k(n). Suppose y - 10 = m. What are the prime factors of y?
3
Suppose j = -0 + 1. Suppose -3*n + n + 3*l + 142 = 0, -l = 0. Suppose 2*q + j = n. List the prime factors of q.
5, 7
Let d = 219 + 72. What are the prime factors of d?
3, 97
Let k = -19 + 21. Suppose 3*n = -s + 206, 2*s - 54 = -n - k*s. What are the prime factors of n?
2, 5, 7
Let u be ((-45)/(-60))/(0 - (-1)/4). Suppose -u*z + 539 = -0*z + 5*y, -4*y - 503 = -3*z. What are the prime factors of z?
173
What are the prime factors of (-217)/93*-157*6?
2, 7, 157
Let f(u) = u**3 + 30*u**2 - 35*u + 122. List the prime factors of f(-31).
2, 3, 41
Let g be ((-2)/(-4))/(21/(-42)). Let r = 63 + g. List the prime factors of r.
2, 31
Let h(d) = -86*d + 54. What are the prime factors of h(-23)?
2, 127
Let c(r) = r**2. Let v be c(-1). Let u = -45 + 46. What are the prime factors of u - 1/(v/(-5))?
2, 3
Suppose c = -0 + 8. Let j(b) = 27*b - 13. List the prime factors of j(c).
7, 29
Suppose -2*j = 2*a - 6, -2*a = -1 - 1. Let c(x) = -2 - 12*x - j*x + 3 - 11*x. List the prime factors of c(-2).
3, 17
Let g = -18 - -12. Suppose 3*o = 2*b - 25, -o + 35 = -5*o + b. Let k = g - o. What are the prime factors of k?
3
Suppose 0 = -3*x + 14 + 4. Suppose x*g + 185 = 11*g. List the prime factors of g.
37
Suppose g - 46 = 3*g. Let m be 2/2*(7 - g). Suppose 8*o - 7*o - m = 0. What are the prime factors of o?
2, 3, 5
Let t(z) be the first derivative of -3*z**4/4 + z**3/3 - 3*z**2/2 - z - 3. What are the prime factors of t(-2)?
3, 11
Let d = 237 + -85. Suppose j - d = -j. Suppose 0 = 4*y + 28 - j. List the prime factors of y.
2, 3
Let q = 33 + 38. Let n = q - 49. What are the prime factors of n?
2, 11
Let y(s) = -s**2 + 7*s + 12. Let n be y(8). List the prime factors of (n/(-6))/(10/(-315)).
3, 7
Let f(p) = -p**2 + 8. Let j be f(9). Let g = j + 190. List the prime factors of g.
3, 13
Suppose 2 - 12 = v - 3*s, -4 = -s. Suppose v*j + 3*j = -65. What are the prime factors of (-6)/5*(j - -3)?
2, 3
Let b = 1215 + -751. What are the prime factors of b?
2, 29
Let s(i) = 80*i**2 + i + 1. Let l(w) = -w**3 + 9*w**2 + 9*w + 9. Let f be l(10). List the prime factors of s(f).
2, 5
Suppose -f = 5*y + 1 + 3, 0 = -2*f - 4*y - 8. Let u be (0 - (1 + f)) + -9. List the prime factors of (-11 - -5)/(u/20).
2, 5
Let x(v) be the first derivative of 7*v**3/3 + v + 6. List the prime factors of x(-2).
29
Let n = 1075 + -1131. Let t(o) = 3*o**3 + 2*o**2 + 4*o + 1. Let r be t(3). Let g = n + r. What are the prime factors of g?
2, 7
Suppose 129425 = -17*v + 48*v. List the prime factors of v.
5, 167
List the prime factors of (-4)/34 + (108095/221 - 12).
3, 53
Suppose -205 - 2299 = -4*l - 4*c, -c - 1898 = -3*l. List the prime factors of l.
631
Let b = -92 + 107. Suppose b*q = 18*q - 18. List the prime factors of q.
2, 3
Suppose 0 = -13*k - 7550 + 24502. What are the prime factors of k?
2, 163
Let t = 1 - -7. Let a be ((-3)/4)/((-1)/t). Suppose -z + a*z = 120. List the prime factors of z.
2, 3
Suppose -13*b - 35168 = -85842. What are the prime factors of b?
2, 1949
Let o be 187/68 + 2/8. Let q(r) = -o*r**3 + 2*r**3 - 3*r - 4*r**2 - 12 - 2*r**2 - r**2. List the prime factors of q(-7).
3
Suppose -5*s + 374 = -91. Suppose -s = -4*f - 5*p + 86, 2*f + p - 97 = 0. What are the prime factors of f?
3, 17
List the prime factors of (-4728)/(-4) - -9*(-14)/63.
2, 5, 59
Suppose -8*s + 3000 = -4*s - 4*o, 0 = 5*s - o - 3762. What are the prime factors of s?
3, 251
Suppose -2 = -2*m - 5*w, 2*w + w - 1 = -m. Let c(r) be the first derivative of 26*r**2 + 2*r + 2. List the prime factors of c(m).
2, 3
Let t = 130 + -226. Let j = t + 160. What are the prime factors of j?
2
Let i = 36 + -24. Suppose -5*j - i = -11*j. List the prime factors of j.
2
Suppose -5*t - 1250 = -0*t. Let h = -151 - t. What are the prime factors of h?
3, 11
List the prime factors of (1 + -2)*(-2317)/21*9.
3, 331
Suppose 2*u = o - 2*u + 5, -5 = -3*o + 2*u. Suppose 4*q - p - 79 = 0, -o*q - 4*p + 104 = q. List the prime factors of q.
3, 7
Suppose 4*t - 9*t = 30. Let g be t/(-21) + 92/(-28). List the prime factors of (g/(-4) - -1)*12.
3, 7
Let i(d) = d**2 + 8*d + 3. Let v be i(-8). Suppose v*t + 0*t = 18. What are the prime factors of t?
2, 3
Let s be 141/2*28/21. Let b = -55 + s. List the prime factors of b.
3, 13
Suppose 2*c + 3 = -k, -7*k = -3*k + 2*c - 12. What are the prime factors of 186 - k*(-9)/(-15)?
3, 61
Let r(q) = -3*q + 24. Let h(n) = -1. Let a(w) = -4*h(w) - r(w). Let x be a(8). Suppose -x*v + 12 = -0*v. What are the prime factors of v?
3
Let v be (-1 - (-18)/(-2))/1. Let y = v - -2. Let h = 30 + y. List the prime factors of h.
2, 11
Let k be (1 - 0)/((-2 - -10)/40). Suppose -5*z + 4*f + 820 = 2*f, k*z = -2*f + 820. What are the prime factors of z?
2, 41
List the prime factors of 0 + 8 + -7 + 2310.
2311
Let a(d) be the first derivative of d**4/4 + d**3 - 7*d**2/2 + 4*d - 19. What are the prime factors of a(-4)?
2
Suppose 5*o = m + 603 + 152, 3*m = -5*o + 755. List the prime factors of o.
151
Suppose 4*n - 1920 = 4*r, 2*r + 135 = -3*n + 1565. What are the prime factors of n?
2, 239
Suppose 0 = p - 2*n - 22, 2*n + 3*n = 15. Let v = -26 + p. What are the prime factors of 6 + 34 - (v + 1)?
37
Let x(i) = i**3 - 11*i**2 + 4*i + 21. Let l be x(9). List the prime factors of -216*(-7)/(l/(-10)).
2, 3
Let z(h) = 3*h + 4. Let g be z(3). Let b be -1 + (0 - 8) + 5. Let i = b + g. List the prime factors of i.
3
Let w = -14 + 18. Let m(u) = u**2 - 3*u - 4. Let k be m(w). Suppose k - 8 = -o. What are the prime factors of o?
2
Let p = 28 - 26. List the prime factors of (-12)/3 + (77 - p).
71
Suppose -d = -m + 2*d - 15, -d + 5 = 3*m. Suppose 10 = -0*c + 3*c + x, 3*c + 2*x - 11 = m. List the prime factors of c.
3
Suppose 3*q + 26 = x, 3*q - 6 + 0 = 0. Suppose b - 8 = -x. Let h = -13 - b. What are the prime factors of h?
11
Suppose 33*y - 21589 = 61571. What are the prime factors of y?
2, 3, 5, 7
Let l(r) be the third derivative of 3*r**5/20 + r**4/24 + 14*r**2. What are the prime factors of l(1)?
2, 5
Let z = -1604 - -3419. List the prime factors of z.
3, 5, 11
Let x(h) = -h**2 + 9*h + 2. Let a be x(9). Suppose 0 = -a*p + 4*p + 8. Let i(j) = -j**3 - 3*j**2 + j - 2. List the prime factors of i(p).
2, 5
Let c be 8/(-12) - 1/(9/(-2481)). Let l = c - 193. What are the prime factors of l?
2, 41
Let o(j) be the second derivative of j**5/2 + j**4/24 + 3*j**2/2 + 5*j. Let u(m) be the first derivative of o(m). What are the prime factors of u(1)?
31
Let o = -3 + -9. Let s be (6/o)/((-3)/30). Suppose -s*z + 46 = -24. List the prime factors of z.
2, 7
What are the prime factors of ((-34)/(-51)*4854/4)/1?
809
Let d be ((-3)/(-3) - -3) + -31. Let t = d + 43. List the prime factors of t.
2
Let c(z) = 7*z**2 + 9 + 0*z**2 - 3*z - 4*z. What are the prime factors of c(4)?
3, 31
Suppose 25*r = 16*r + 6723. What are the prime factors of r?
3, 83
List the prime factors of (-6)/18 - 2642/(-6).
2, 5, 11
Let d = 300 - 143. What are the prime factors of d?
157
Let d = 24 - 19. Let w = 44 + -14. Let m = w - d. What are the prime factors of m?
5
Let r(o) = 11*o + 3. Let i be r(-7). Let w be i/(-4) - (-11)/22. Let k = 23 - w. What are the prime factors of k?
2
List the prime factors of (2/21*7)/(6/3141).
349
Suppose 0 = 4*i - 2*s - 5510, 16*i - s = 13*i + 4134. What are the prime factors of i?
7, 197
Suppose -4*i + 351 = -5*q + 28, -i = -4*q - 78. Let g = 